**2 + 3337*k - 16. Give f(7).
166
Let x(j) = -26*j**3 + 11*j**2 - 129*j + 123. What is x(1)?
-21
Let z(g) = g**2 - 18*g - 2206. Give z(-38).
-78
Let x(s) = s**3 + 39*s**2 - 448*s - 44. Calculate x(-48).
724
Let t(f) = -21*f**2 - 153*f + 30613. Determine t(-42).
-5
Let t(d) = d**2 - 284*d - 43112. Calculate t(-108).
-776
Let a(v) = -60*v - 10043. What is a(-177)?
577
Let b(r) = 5*r**2 - 576*r + 14053. Calculate b(34).
249
Let w(o) = 121*o**2 - 5293*o - 26457. Determine w(-5).
3033
Let a(f) = -6*f**3 - 4*f**2 + 67. Calculate a(6).
-1373
Let a(z) = -7215*z + 382413. Determine a(53).
18
Let w(b) = -b**2 + 633*b - 52027. Determine w(97).
-35
Let r(n) = -2*n**2 - 14491*n + 876530. Determine r(60).
-130
Let a(t) = -9*t**3 - 854*t**2 + 99*t + 356. Give a(-95).
-24
Let a(z) = 13*z**2 + 1286*z + 991. Calculate a(-98).
-185
Let s(y) = -2845*y + 136573. Determine s(48).
13
Let b(f) = f**2 - 922*f - 801478. Calculate b(-546).
50
Let c(p) = -446*p**2 - 23171*p + 1085. Determine c(-52).
-7
Let l(o) = 4*o**3 + 25*o**2 - 20*o - 41. Calculate l(2).
51
Let t(v) = 157*v**3 - 2041*v**2 - v - 13. What is t(13)?
-26
Let w(x) = 203177*x - 6704845. Determine w(33).
-4
Let g(l) = 110128*l + 15968578. Give g(-145).
18
Let d(j) = 3*j**3 - 301*j**2 + 388*j + 768. What is d(99)?
-24
Let i(z) = 181*z**2 - 222*z - 226. Determine i(-1).
177
Let o(w) = -48*w**2 + 118*w - 339. Calculate o(3).
-417
Let v(o) = 66*o**2 + 10594*o + 5440. Calculate v(-160).
0
Let l(u) = -49*u**2 - 4321*u - 4327. Calculate l(-1).
-55
Let i(x) = 77713*x + 1088161. What is i(-14)?
179
Let l(d) = -d**3 - 22*d**2 + 556*d + 10736. Calculate l(-28).
-128
Let g(c) = -8*c**3 + 88*c**2 + 77*c + 29. Calculate g(12).
-199
Let m(g) = 104*g**3 - 7*g**2 - 2*g + 3. What is m(-1)?
-106
Let l(f) = 29*f**2 - 20210*f - 2145. Determine l(697).
-54
Let i(d) = 2*d**3 + 22382*d**2 + 268295*d - 62. Determine i(-12).
-50
Let l(t) = 12*t**3 - 24*t**2 + 28*t + 61. Give l(-2).
-187
Let w(a) = -3*a**2 + 74*a - 469. What is w(25)?
-494
Let p(k) = -3*k**3 + 462*k**2 - 8713*k + 120. Determine p(132).
-12
Let g(o) = 2*o**3 + 2251*o**2 + 13419*o - 95. What is g(-6)?
-5
Let k(g) = -250*g + 6735. Give k(28).
-265
Let v(w) = -45*w**2 - 1659*w + 183. Give v(-37).
-39
Let p(n) = n**3 + 6*n**2 - 472*n - 1443. Give p(-3).
0
Let c(r) = -17798*r - 569541. Determine c(-32).
-5
Let d(s) = s**2 - 1000*s + 179768. Give d(765).
-7
Let u(w) = -2*w**2 - 744*w + 4541. Calculate u(6).
5
Let b(w) = -184*w - 11101. What is b(-62)?
307
Let i(b) = 25251*b + 201936. What is i(-8)?
-72
Let p(c) = -3*c**2 - 208*c + 21519. Give p(-126).
99
Let t(w) = -6713*w + 161098. Calculate t(24).
-14
Let z(u) = 4*u**3 + 17*u**2 - 99*u - 301. Determine z(-3).
41
Let l(o) = 436*o - 353603. Calculate l(811).
-7
Let j(z) = 1994*z + 17973. Calculate j(-9).
27
Let m(b) = 25181*b + 100622. Calculate m(-4).
-102
Let p(c) = 34*c**2 + 206*c - 1737. Give p(-11).
111
Let x(l) = -21958*l + 263139. Calculate x(12).
-357
Let j(a) = -a**2 + 45052*a + 12328133. Determine j(-272).
5
Let r(a) = 359*a + 15372. Determine r(-43).
-65
Let p(o) = -189*o**3 - 9642*o**2 - 156*o - 160. Determine p(-51).
-7
Let w(y) = 49*y**2 + 944*y + 231. Give w(-19).
-16
Let z(g) = -27*g**2 + 4377*g + 149. Calculate z(162).
635
Let b(l) = l**3 - 16*l**2 - 585*l - 140. Determine b(33).
-932
Let h(c) = 2*c**3 + 354*c**2 + 331*c - 3822. Calculate h(-176).
-126
Let t(g) = -1631*g**3 + 6*g**2 + 5*g - 7. Determine t(1).
-1627
Let p(m) = 2*m**2 + 1269*m + 201073. Give p(-306).
31
Let c(q) = -126*q**2 - 2783*q + 5792. Determine c(-24).
8
Let v(n) = -2*n**2 + 727*n - 31932. What is v(312)?
204
Let h(t) = -1352*t - 31408. What is h(-26)?
3744
Let n(p) = -3*p**3 + 9*p**2 + 35*p + 9. Give n(11).
-2510
Let i(o) = -73*o**3 - 4*o**2 + 83*o + 168. Give i(-2).
570
Let m(k) = 3*k**3 - 16*k**2 - 33*k + 297. Calculate m(5).
107
Let g(f) = -28*f + 4587. Calculate g(159).
135
Let k(p) = p**2 + 37*p - 3135. Calculate k(46).
683
Let j(l) = -6*l**2 + 126*l + 2790. What is j(-14)?
-150
Let z(j) = 6*j**3 - 39*j**2 - 119*j + 143. Calculate z(11).
2101
Let f(k) = -2*k**2 + 1852*k - 363929. Calculate f(283).
9
Let w(g) = 3*g**3 - 48*g**2 - 221*g + 3678. What is w(9)?
-12
Let b(r) = -3*r**2 + 1362*r - 13501. Give b(10).
-181
Let a(u) = 925*u + 161822. Determine a(-175).
-53
Let v(m) = 8*m**2 + 1402*m + 3496. Determine v(-173).
382
Let q(c) = 44*c**2 + 31126*c - 49619. Give q(-709).
11
Let t(a) = -7*a**2 + 424*a + 1348. What is t(-3)?
13
Let x(q) = 33540*q + 2515470. What is x(-75)?
-30
Let w(x) = -115479*x + 1501311. What is w(13)?
84
Let m(v) = v**3 - 18*v**2 + 48*v + 272. Give m(8).
16
Let w(t) = -4*t**2 + 384*t + 48399. Give w(-72).
15
Let b(l) = -14*l**3 + 5*l**2 - 19*l - 2. What is b(3)?
-392
Let f(k) = -2*k**2 + 335*k - 13193. Give f(63).
-26
Let j(u) = 93*u**3 + 7832*u**2 + 7832*u. Calculate j(-1).
-93
Let r(b) = -220*b + 1832. Calculate r(12).
-808
Let g(b) = 20594*b + 102957. Determine g(-5).
-13
Let f(i) = -2*i**2 - 2169*i - 120992. What is f(-59)?
17
Let o(i) = 6530*i - 45821. Determine o(7).
-111
Let v(g) = g**2 - 1546*g + 6178. What is v(4)?
10
Let j(z) = -2*z**3 - 30*z**2 + 912*z - 144. What is j(15)?
36
Let a(n) = -n**3 + 10*n**2 + 5155*n - 285. Determine a(-67).
-17
Let i(n) = 2*n**3 - 221*n**2 - 1865*n + 238928. Give i(109).
0
Let z(s) = -s**2 - 4*s + 5759. What is z(-78)?
-13
Let m(b) = -b**2 - 159*b - 2817. Determine m(-21).
81
Let j(f) = -f**2 + 2447*f - 459587. What is j(205)?
23
Let s(d) = -d**3 + 177*d**2 - 2431*d + 33. What is s(162)?
-129
Let q(a) = 8*a**3 - 3189*a**2 - 3201*a - 13. Determine q(-1).
-9
Let z(h) = 74*h + 21. Determine z(14).
1057
Let p(a) = -25751*a - 901481. Give p(-35).
-196
Let r(w) = -w**3 + 35*w**2 + 2615*w - 90040. Calculate r(34).
26
Let u(z) = 12201*z + 48801. Calculate u(-4).
-3
Let z(r) = r**3 + 1022*r**2 + 71901*r + 4747. Calculate z(-946).
17
Let f(q) = -2*q**3 - 8*q**2 + 120*q + 22. Give f(6).
22
Let v(c) = -2*c**3 + 253*c**2 - 353*c - 2646. What is v(125)?
104
Let p(k) = 9*k**2 + 213*k - 225. Calculate p(-32).
2175
Let l(s) = -3*s**2 + 110*s + 5450. Determine l(64).
202
Let u(f) = f**3 - 42*f**2 - 1080*f - 42. Determine u(-17).
1267
Let p(c) = 17*c - 463. Give p(-49).
-1296
Let l(c) = 95487*c + 286468. What is l(-3)?
7
Let h(j) = -39*j**2 - 19*j - 2. Calculate h(1).
-60
Let h(z) = z**2 + 36*z - 3460. Calculate h(43).
-63
Let k(i) = i**2 + 17779*i - 1374959. What is k(77)?
-47
Let g(n) = -n**3 + 2*n**2 - 2*n - 15. Calculate g(0).
-15
Let s(m) = 14135*m - 466473. What is s(33)?
-18
Let i(p) = 7*p - 1117. Calculate i(157).
-18
Let r(t) = 25*t**3 + 6*t**2 - 2*t - 4. Calculate r(-3).
-619
Let s(o) = -58*o**2 - 36968*o - 14013. Give s(-637).
1
Let n(a) = 5*a**2 + 2609*a + 67580. Calculate n(-494).
-1086
Let m(p) = -p**2 + 3282*p - 29451. Give m(9).
6
Let j(d) = 451*d + 2536. Determine j(-6).
-170
Let p(q) = q**2 - 6978*q + 7. Calculate p(0).
7
Let i(z) = -6173*z + 24674. Give i(4).
-18
Let z(m) = 9815*m + 98451. Calculate z(-10).
301
Let c(b) = 2912*b - 81500. Calculate c(28).
36
Let v(p) = p**3 + 68*p**2 - 395*p - 7631. What is v(-72)?
73
Let z(h) = -4*h**3 + 12*h**2 + 248*h - 1223. What is z(7)?
-271
Let r(n) = 3271*n + 29415. What is r(-9)?
-24
Let i(b) = -b**3 - 71*b**2 + 291*b + 20823. What is i(-71)?
162
Let i(b) = b**3 + 134*b**2 - 187*b + 12010. What is i(-136)?
450
Let p(l) = 1319*l**2 + 808*l - 816. Calculate p(1).
1311
Let h(c) = 2016*c + 235955. Give h(-117).
83
Let z(g) = -222*g**2 + 920*g + 921. Determine z(5).
-29
Let f(x) = x**3 - 321*x**2 - 1944*x - 115433. What is f(328)?
23
Let u(c) = 2*c**3 + 115*c**2 + 1632*c + 1989. What is u(-35)?
-6
Let g(p) = 9*p**2 + 1914*p + 19484. Determine g(-202).
92
Let n(w) = -w**3 - 23*w**2 - 60*w - 246. Calculate n(-19).
-550
Let z(k) = k**3 + 17*k**2 - 220*k - 3669. Calculate z(-14).
-1
Let d(p) = -666*p + 113866. Calculate d(171).
-20
Let q(b) = 27678*b + 2546393. Give q(-92).
17
Let k(s) = -s**3 + 55*s**2 - 25*s + 1440. Determine k(55).
65
Let q(i) = 268*i**2 + 5870*i - 224. Determine q(-22).
348
Let z(v) = -8*v**3 - 11702*v**2 - 20460*v - 8767. Give z(-1461).
-1
Let l(u) = -16286*u**2 + 130288*u - 2. Calculate l(8).
-2
Let g(v) = -5*v**2 - 88*v + 373. What is g(4)?
-59
Let a(y) = -3*y**3 + 17*y**2 + 140*y - 10. Determine a(-6).
410
Let